{"id":252,"date":"2021-03-10T13:24:12","date_gmt":"2021-03-10T12:24:12","guid":{"rendered":"http:\/\/berger-des-shetland.fr\/?page_id=252"},"modified":"2021-03-10T13:43:12","modified_gmt":"2021-03-10T12:43:12","slug":"le-shetland","status":"publish","type":"page","link":"https:\/\/berger-des-shetland.fr\/index.php\/le-shetland\/","title":{"rendered":"Le Shetland"},"content":{"rendered":"\n<p>Le shetland est un chien de famille, qui aime faire plaisir \u00e0 son ma\u00eetre. Il a besoin de contact mais sait rester seul s&rsquo;il est correctement habitu\u00e9. Il n&rsquo;est pas friand des tr\u00e8s jeunes enfants, mais saura adopter ses petits ma\u00eetres s&rsquo;ils sont tr\u00e8s doux et respectueux. <\/p>\n\n\n\n<p>Attention, le shetland peut se r\u00e9veler aboyeur, si vous \u00eates en appartement, il faudra \u00eatre vigilent. C&rsquo;est un chien actif, qui aime pratiquer des activit\u00e9s avec ses ma\u00eetres. Il n\u00e9cessite une \u00e9ducation dans la douceur afin de ne pas le brusquer. C&rsquo;est un chien de berger, tr\u00e8s intelligent.<\/p>\n\n\n\n<p>Le shetland est un chien \u00e9nergique, qui a besoin de promenades r\u00e9guli\u00e8res. Adepte des parcours d&rsquo;agility, du canicross, du troupeau. Il aime \u00eatre stimul\u00e9. Mais aussi l\u00e9zarder sur le canap\u00e9. <\/p>\n\n\n\n<p>C&rsquo;est un chien malin, qui a besoin de gagner la confiance de ses nouveaux ma\u00eetres. Une fois acquise, il le suit jusqu&rsquo;au bout du monde \ud83d\ude42 <\/p>\n","protected":false},"excerpt":{"rendered":"<p>Le shetland est un chien de famille, qui aime faire plaisir \u00e0 son ma\u00eetre. Il a besoin de contact mais sait rester seul s&rsquo;il est correctement habitu\u00e9. Il n&rsquo;est pas friand des tr\u00e8s jeunes enfants, mais saura adopter ses petits ma\u00eetres s&rsquo;ils sont tr\u00e8s doux et respectueux. Attention, le shetland peut se r\u00e9veler aboyeur, si &hellip; <\/p>\n","protected":false},"author":1,"featured_media":227,"parent":0,"menu_order":0,"comment_status":"closed","ping_status":"closed","template":"","meta":[],"_links":{"self":[{"href":"https:\/\/berger-des-shetland.fr\/index.php\/wp-json\/wp\/v2\/pages\/252"}],"collection":[{"href":"https:\/\/berger-des-shetland.fr\/index.php\/wp-json\/wp\/v2\/pages"}],"about":[{"href":"https:\/\/berger-des-shetland.fr\/index.php\/wp-json\/wp\/v2\/types\/page"}],"author":[{"embeddable":true,"href":"https:\/\/berger-des-shetland.fr\/index.php\/wp-json\/wp\/v2\/users\/1"}],"replies":[{"embeddable":true,"href":"https:\/\/berger-des-shetland.fr\/index.php\/wp-json\/wp\/v2\/comments?post=252"}],"version-history":[{"count":2,"href":"https:\/\/berger-des-shetland.fr\/index.php\/wp-json\/wp\/v2\/pages\/252\/revisions"}],"predecessor-version":[{"id":274,"href":"https:\/\/berger-des-shetland.fr\/index.php\/wp-json\/wp\/v2\/pages\/252\/revisions\/274"}],"wp:featuredmedia":[{"embeddable":true,"href":"https:\/\/berger-des-shetland.fr\/index.php\/wp-json\/wp\/v2\/media\/227"}],"wp:attachment":[{"href":"https:\/\/berger-des-shetland.fr\/index.php\/wp-json\/wp\/v2\/media?parent=252"}],"curies":[{"name":"wp","href":"https:\/\/api.w.org\/{rel}","templated":true}]}}